*c(t) + 7*m(t). Let n be k(1). What is w(n)?
1
Let g(p) be the third derivative of p**5/60 - p**4/6 + 3*p**2. Let n = 12 + -8. What is g(n)?
0
Let n(p) = -p**3 + 5*p**2 - 5*p + 2. Let x be (-1 + 0)*1/1. Let b be 3/((-4 + 3)/x). Determine n(b).
5
Let f be (-12)/(-8)*10/3. Let z(h) = 3*h**2 + 4*h**2 + 2 - 6*h**2 - 6*h. Give z(f).
-3
Let s(y) = 4*y**2 - 2*y - 11. Let x(a) = 5*a**2 - a - 12. Let j(g) = 6*s(g) - 5*x(g). Suppose 3 = -4*v + l - 25, -26 = v - 5*l. Determine j(v).
0
Let r(k) = -11*k**3 - 5*k**2 - 5*k + 6. Let m(b) = 11*b**3 + 4*b**2 + 4*b - 5. Let v(j) = 5*m(j) + 4*r(j). Determine v(1).
10
Let o = -13 - -7. Let i(h) = 8*h + 7. Let x(p) = -16*p - 15. Let r(u) = o*x(u) - 13*i(u). Determine r(1).
-9
Let a(i) = i - 4. Let t(x) = -x**3 + 6*x**2 + 3. Let d be t(6). Suppose -2*v = -d*k + 7*k - 4, -20 = 4*k. Suppose -2*u - 3*u + 4*z = -v, -2*z = 6. Give a(u).
-4
Suppose -15 = -3*g - 4*s, g + g = -4*s + 10. Let i(u) be the second derivative of u**5/20 - u**4/3 - u**3/2 - 3*u**2 - 165*u. Calculate i(g).
4
Let q(f) = -3*f**3 - 19*f**2 + 8*f + 4. Let d(j) = 0*j**3 + 3*j**3 - 7*j**3 + 12*j + 6 - 28*j**2. Let c(v) = -5*d(v) + 7*q(v). What is c(6)?
10
Let w(l) = -2*l**3 + 5*l**2 + 5*l + 3*l**3 + 2*l**2 - 4. Let q be w(-6). Let v(o) = 0*o**3 - 2 + q*o**2 - o - o**3 - o**2. Calculate v(2).
-8
Let q be (6*2)/(-4) + 10. Let c(a) = -2*a - 6*a + q*a - 2. Calculate c(6).
-8
Let g(y) = 0*y + 3*y - 2 - 8*y + 6*y. Give g(8).
6
Let p(u) = 3*u**2 - 9*u - 5. Let f(m) = 2*m**2 - 8*m - 4. Let j(z) = -4*f(z) + 3*p(z). Let w(k) = k. Let r(x) = j(x) - 3*w(x). Let q = -4 + 3. Determine r(q).
0
Let z(h) = -h. Let t(k) = 5*k - 4. Let i(d) = t(d) + 4*z(d). Let j be i(6). Let n(c) = 2*c + c + 4*c**j - c**3 + 3*c - 2. Calculate n(5).
3
Let d = 23 - 17. Let y(z) = z**2 - 7*z + 6. Calculate y(d).
0
Let t(k) = k - 4. Let s be t(7). Let l(i) = -s*i - 2 + 0*i + 2. Calculate l(-2).
6
Let t(g) = -18*g**2 + 24*g + 9. Let q(j) = -j**2 + j + 1. Let z(k) = -15*q(k) + t(k). Let v(r) = 7*r**2 - 19*r + 12. Let d(h) = -2*v(h) - 5*z(h). What is d(5)?
-4
Let m be (2 + 5/(-2))/(17/(-34)). Let y(h) = -5*h**2. Calculate y(m).
-5
Let c(u) = 6*u**3 - 13*u**2 - 6*u. Let b(n) = -n**3 + n**2 + n. Let t(i) = -5*b(i) - c(i). Give t(8).
8
Let v(n) = n**2 - 3*n. Let h be v(4). Suppose 4*z - x + 3*x + 14 = 0, -5*z + 2*x = h. Let g(p) = -p**2 + 2*p + 3. Calculate g(z).
-5
Let k(x) = -x**3 - 2*x**2 + 2*x + 2. Let b be 1 + (-2 - (1 - 4)). Let g = -4 + 0. Let o = b + g. What is k(o)?
-2
Let x(o) be the first derivative of o**3/3 - 4*o**2 + 5*o + 3. Determine x(7).
-2
Let d(t) = 0*t + 3*t - 4 - 8*t + 2*t. Let u(a) = a**3 - 3*a**2 - 4. Let i be u(3). Give d(i).
8
Let y(r) be the first derivative of -r**3/3 + r**2/2 + 9*r + 6. Calculate y(0).
9
Let t(z) = -3*z**3 - 2*z**2 + 4*z - 1. Let l(w) = w**3 + w**2 + 1. Suppose -2 = 2*s - 0. Let q(k) = s*t(k) - 4*l(k). Determine q(-2).
5
Let l be (-5)/7 - 4/14. Let b be (-2)/3*6/l. Let u(s) = -19*s + 3 + 16*s + 4*s. Determine u(b).
7
Let m(g) be the first derivative of -g**2 + 3*g + 31. Determine m(5).
-7
Let v(t) = -t**3 - 8*t**2 - 5*t + 8. Let m be v(-7). Let r be (-14)/(m/(9/3)). Suppose 3*b + g - 2 = 0, b - g + r = 1. Let f(x) = -2*x**3 - x**2. What is f(b)?
1
Suppose 4*t = -7 - 13, -m - 5*t - 23 = 0. Let s(x) = -2*x**2 + 4*x - 3. What is s(m)?
-3
Let w be -2 + 2 + 2 + -3. Let r(m) = 8*m - 1. Calculate r(w).
-9
Let f(l) = -l**2 - 2*l + 7. Suppose 0 = i - 4*i. Suppose i*u = -2*u - 10. What is f(u)?
-8
Let h = 0 + 0. Let c(b) = b**3 + 6*b**2 - 3. Let f be c(-6). Let w(x) = -4*x**2 + x - 3. Let k(g) = -5*g**2 + g - 2. Let l(s) = f*k(s) + 4*w(s). Give l(h).
-6
Let a(c) = -c**2 - 1. Suppose h + 8 = 3*h. Suppose 5*x - 4*x = h. Let m = -2 + x. Determine a(m).
-5
Let d(i) = 23*i + 3*i**2 - 2 - 21*i + 4 - 3. What is d(-2)?
7
Let x(u) be the third derivative of u**6/360 + u**5/120 + 3*u**4/8 - 3*u**2. Let f(c) be the second derivative of x(c). What is f(-6)?
-11
Let t(k) = 4*k - 5*k**2 + 7*k - 4*k - k**3. Let z = 14 + -20. Calculate t(z).
-6
Let f = 35 + -34. Let i(b) = -5*b**2 - b + 1. Determine i(f).
-5
Let y(u) = -u**3 - 1. Let a(r) = -3*r**3 - 7*r**2 - 7*r - 10. Let i(j) = -a(j) + 2*y(j). Let b be ((-2)/3)/((-2)/(-18)). Determine i(b).
2
Let o = -19 - -24. Suppose 4*j - 4*s = -4, -o*j - 5*s + 27 + 8 = 0. Let w(z) = -z**2 + 4*z - 3. Calculate w(j).
0
Let w(c) be the third derivative of c**5/60 + 5*c**4/24 + 2*c**3/3 + 5*c**2. Determine w(-5).
4
Let c be 30/4*(1 - (-1)/(-5)). Let r(x) = x**2 - 6*x + 4. Calculate r(c).
4
Let t(x) = -14*x + 1. Let r(c) = c**2 - c - 1. Let g be ((0 - 1) + 1)/(-1). Let m be r(g). Calculate t(m).
15
Suppose -6*a + 3*a = -5*t + 62, -4*t - 4*a + 56 = 0. Suppose 0 = 2*w - x - t, -8*w + 4*w + 19 = 5*x. Let k(q) = q - 2. Calculate k(w).
4
Let v(y) = y**3 + 2*y**2. Let q(t) be the second derivative of t**4/6 + t**3 - 4*t. Let a be q(-4). Suppose -x + 0*x = -2*d - a, 4*d + 22 = -x. What is v(x)?
0
Let p be (6 - 1 - 2) + 1. Let n(t) = -8*t + t**2 - 8 + p*t**2 + t**3 + 0*t**2. Give n(-6).
4
Suppose -2*n + 63 = 7*n. Let x(d) = -8*d**2 + 8 + 6*d - 3*d**3 + 2*d**3 + 2*d**3. Give x(n).
1
Let f(w) = w**2 - 7*w + 34 - 16 - 2*w**2 - 9. Calculate f(-9).
-9
Let x(u) = -4*u**2 + u. Suppose -2 + 34 = 4*j. Let p be (j + -7)/(-1 + 0). Give x(p).
-5
Let k(l) = l**2 - 2*l - 5. Suppose 2*h + 10 = 0, -4*i + 2*h + 30 = 8. Suppose 0 = i*c - 3*d - 18, 3*d = -3*c - 0*d + 12. Give k(c).
10
Let j(w) = w**3 - 2*w**2 - 5*w - 3. Suppose -2*b + 19 = -b - 3*s, 5*b + 5*s + 5 = 0. Calculate j(b).
9
Let u(p) = -2 - 78*p + 37*p + 40*p. What is u(-3)?
1
Let r(v) be the first derivative of v**4/4 - 2*v**3/3 - v**2/2 - 4*v - 2. Let q(c) = -2*c**3 + 1. Let m be q(-1). Suppose -2*u + 9 = m. Calculate r(u).
2
Let g(m) = 0*m + 2*m + m - 2*m - 5 - 4*m**2 + m**3. Let p = 12 - 8. Calculate g(p).
-1
Let h(y) = -8*y**3 + 2*y**2 - 2*y + 1. Suppose -u = 5, -2*s + 1 - 9 = 2*u. What is h(s)?
-7
Let z(i) = -i**3 - 6*i**2 - 7*i - 2. Let y(n) = n**2 - 5*n - 55. Let a be y(-5). What is z(a)?
8
Let d(v) be the second derivative of -v**4/12 - 5*v**3/3 - 29*v + 2. What is d(-7)?
21
Let m(j) = -1 + 2*j**3 - 6 - j**3 + 8. Let r(u) = -4*u**3 + 5*u**2 - 3*u + 3. Let v(l) = 5*m(l) + r(l). Give v(-6).
-10
Let l(n) = 3*n**3 + 5*n**2 - 3*n - 3. Let f(r) = -7*r**3 - 11*r**2 + 5*r + 5. Let q(w) = 2*f(w) + 5*l(w). What is q(-4)?
-1
Let q(b) = -2*b - 9. Let p be q(-6). Let d(y) = -4*y**3 + 0*y**3 + 5*y**2 + 3*y**p + 2*y**3. Give d(-5).
0
Let w(k) = -2*k - 1. Let o be w(-4). Let u(f) = 3*f - o*f + 1 + 2*f. Determine u(-2).
5
Let v(b) = -b**3 + 8*b**2 - 7*b - 1. Let o be 12/36 - 40/(-6). Give v(o).
-1
Let a(u) be the third derivative of -u**7/840 + u**6/120 + u**5/60 - u**4/24 - u**3 - 3*u**2. Let j(r) be the first derivative of a(r). What is j(4)?
-9
Let o(h) = -9*h**2 - 3*h - 1. Let s(t) = 8*t**2 + 4*t + 1. Let r(p) = 4*o(p) + 3*s(p). Calculate r(1).
-13
Let o(f) = -3*f + 25. Let w be o(0). Suppose -5*k = -0*k - w. Let s(r) = -r**3 + 6*r**2 - 6*r - 7. What is s(k)?
-12
Let j = 27 + -27. Let q(f) = -f - 6. Calculate q(j).
-6
Suppose 0 = 2*d - d - 3. Suppose 2*i - 3 - d = 0. Let s(m) = m. Determine s(i).
3
Suppose 0 = 5*i - 4*c - 30, -4*c = c + 25. Let o(l) be the first derivative of 1 - 3/2*l**i - 5*l. Give o(-4).
7
Let o(x) = -x**2 - 5*x + 6. Let r be o(-6). Suppose r*g = g. Let s be 4/(g + (1 - 3)). Let l(p) = 3*p + 3. What is l(s)?
-3
Let d(r) = r**3 - 5*r**2 + 2*r - 7. Let a be d(5). Let x(v) = 5 - v - 4 - a + 5. What is x(5)?
-2
Let g be 7 + 1 + 6/(-3). Let o(a) = -1 + g*a + 2 + a + a**2. Determine o(-5).
-9
Let v(t) be the second derivative of -t**3/3 + t**2 - 42*t. What is v(2)?
-2
Let o(s) be the first derivative of s**5/20 - s**4/4 + 2*s**3/3 - 2*s**2 - s - 3. Let l(z) be the first derivative of o(z). Determine l(3).
8
Let m(i) = i**3 - 2*i - 2*i + 3*i + 2*i**2 + 2. Determine m(-3).
-4
Suppose -2*k + 16 = 4*l, 0 + 2 = k - l. Let b = 9 + -6. Suppose b*n = w - 21, 0 = n - k*n - 15. Let h(g) = g**2 - 7*g + 6. What is h(w)?
0
Suppose -4*v = v - 20. Let t(s) = 3*s - 8. Let g be t(4). Let q(f) = -3 + 2*f**2 + 5*f - 7*f**2 + g*f**2 + 5. Determine q(v).
6
Let x(w) be the third derivative of w**4/12 + w**3/2 + 10*w**2. Give x(-4).
-5
Let m(l) = -16*l**2 - l - 1. Suppose 5*g - 28 = -y - 8, -4*g + 37 = 5*y. Suppose -4